 is -100 + 101000110011?
101000101111
In base 9, what is 7 + 8112?
8120
In base 6, what is 3 - 130250?
-130243
In base 9, what is 123 + -88?
24
In base 10, what is -16024 - 3?
-16027
In base 12, what is -475419 + 5?
-475414
In base 11, what is -4 - 18a8?
-1901
In base 4, what is 11 - -1220023?
1220100
In base 13, what is 6405 - -6?
640b
In base 4, what is 1003323302 - -1?
1003323303
In base 2, what is 10001111010001101 - 1101010?
10001111000100011
In base 7, what is 1404535 + 3?
1404541
In base 14, what is -165 - -3a?
-129
In base 3, what is 2210010 + 2010?
2212020
In base 15, what is -1 - -5b91?
5b90
In base 11, what is 2 - -8988?
898a
In base 8, what is -4 + 264116?
264112
In base 2, what is 1101011110000 - 1010011?
1101010011101
In base 4, what is 10211121 + 10?
10211131
In base 16, what is -1 + 1eb0?
1eaf
In base 12, what is -9 - 147?
-154
In base 2, what is -10 - -11111110111001001000?
11111110111001000110
In base 5, what is 1141 + 4141?
10332
In base 10, what is 20451 - 3?
20448
In base 15, what is 1b7 + -4e?
168
In base 3, what is 1 + 21200021200?
21200021201
In base 9, what is -4 + -6864?
-6868
In base 6, what is 3 + 110004?
110011
In base 7, what is -1123 + 3501?
2345
In base 9, what is -1 + -264?
-265
In base 7, what is 5 + -4112402?
-4112364
In base 13, what is 16c - -3629?
3798
In base 9, what is 12 - 10347?
-10335
In base 3, what is 11201111201 - 100?
11201111101
In base 6, what is 141035 - 13?
141022
In base 3, what is 11101101 + -1201211?
2122120
In base 5, what is -4213203 + 4?
-4213144
In base 4, what is 103133 - 113323?
-10130
In base 2, what is 1100111010 + 11100?
1101010110
In base 16, what is 0 - -47223?
47223
In base 14, what is -102c - 5?
-1033
In base 8, what is 33541 - -35?
33576
In base 7, what is 3 - 123152?
-123146
In base 2, what is 10001000101 + 100010110?
10101011011
In base 4, what is -11113 - 113000?
-130113
In base 15, what is -3 - 17e5a?
-17e5d
In base 9, what is -583 - 382?
-1075
In base 4, what is 3303 + -1100303?
-1031000
In base 8, what is 3 - -16255?
16260
In base 14, what is -5 - 120bb?
-120c2
In base 13, what is -1 + -4650?
-4651
In base 6, what is -4 - -23350524?
23350520
In base 15, what is 322 + aa?
3cc
In base 15, what is -2 - 1080?
-1082
In base 16, what is -490 - -c?
-484
In base 5, what is 310 + -1230?
-420
In base 4, what is 102112 + -1230?
100222
In base 3, what is -1001110 + -10220?
-1012100
In base 14, what is 333 + 1da0?
22d3
In base 14, what is -411 - 416?
-827
In base 15, what is -118e4 + -15?
-11909
In base 9, what is 3 - -2327001?
2327004
In base 3, what is -1 + -2001001011?
-2001001012
In base 9, what is -1 + -31577?
-31578
In base 12, what is 11559 - 8?
11551
In base 7, what is -254 + 413?
126
In base 13, what is 2b1 + -60?
251
In base 3, what is 1000010 + 111020?
1111100
In base 4, what is -113001103 + -11?
-113001120
In base 11, what is -11a6 - 56?
-1251
In base 11, what is 263 - 52?
211
In base 7, what is 15 + 1063602?
1063620
In base 9, what is 5234 - -15?
5250
In base 10, what is -266 - -2924?
2658
In base 6, what is 530 + -330?
200
In base 2, what is -11011010100010011 - 101?
-11011010100011000
In base 6, what is -235454420 - -4?
-235454412
In base 3, what is 20002120 + -211?
20001202
In base 13, what is -c - 261?
-270
In base 7, what is 3 - -10666042?
10666045
In base 14, what is 302a3 + 0?
302a3
In base 10, what is -6 + 157669?
157663
In base 10, what is 7 - -57509?
57516
In base 7, what is 2460 + 125?
2615
In base 8, what is 2424 + 2357?
5003
In base 8, what is -2 - 7204?
-7206
In base 8, what is -2362747 + -4?
-2362753
In base 3, what is 120000002 - -111?
120000120
In base 8, what is -1750127 - 0?
-1750127
In base 6, what is 2 + -1204353?
-1204351
In base 4, what is 3 - -20131232?
20131301
In base 10, what is -41094 + -1?
-41095
In base 5, what is -110334 - -2001?
-103333
In base 16, what is 2 + -32e9?
-32e7
In base 9, what is -10 - 183?
-203
In base 4, what is 3 - 11333130?
-11333121
In base 13, what is 7 + 70507?
70511
In base 4, what is -1 - 2320233?
-2320300
In base 12, what is -2 + -5b4908?
-5b490a
In base 15, what is 8071 + 2?
8073
In base 9, what is 3 + 2843554?
2843557
In base 11, what is 4 + 125a7?
12600
In base 16, what is -3 + 4385d?
4385a
In base 5, what is -14201 + 11?
-14140
In base 16, what is 37 + 438?
46f
In base 11, what is 82 + -5?
78
In base 15, what is b88 + 1a?
ba3
In base 12, what is -1a3 - 670?
-853
In base 7, what is 123 + 1601?
2024
In base 12, what is 0 + 1a4a4?
1a4a4
In base 6, what is 153453 + 5?
153502
In base 4, what is 21102330 - 0?
21102330
In base 12, what is -18 + -521?
-539
In base 12, what is -1 - 2586?
-2587
In base 10, what is 27 - 270?
-243
In base 2, what is 1001001 - -1100001100110001?
1100001101111010
In base 2, what is -101 - 1111100001100?
-1111100010001
In base 14, what is 11641c - 5?
116417
In base 11, what is 13388 - 0?
13388
In base 3, what is 1101 + 10021?
11122
In base 15, what is 1cb + -22?
1a9
In base 10, what is 19410 + 51?
19461
In base 4, what is 3 - 11113221100?
-11113221031
In base 15, what is 4 + 33de?
33e3
In base 15, what is 12caa - 41?
12c69
In base 9, what is -4802 + 80?
-4712
In base 11, what is -175 + 427?
262
In base 9, what is -8185 + -16?
-8212
In base 3, what is 1 + -1010002000010?
-1010002000002
In base 14, what is -4 + -81d04?
-81d08
In base 4, what is 201 + 2220133?
2221000
In base 10, what is -144 + 411?
267
In base 16, what is 3 - 20f60?
-20f5d
In base 9, what is -2 + 16865?
16863
In base 5, what is 41 - -1133202?
1133243
In base 7, what is 30446 + -2?
30444
In base 6, what is -3 + 300053?
300050
In base 3, what is -120222202021 - 21?
-120222202112
In base 3, what is 200102002 + -110?
200101122
In base 16, what is -4 + -10ed84?
-10ed88
In base 7, what is -12063 + -246?
-12342
In base 2, what is 11 - -110101011100000?
110101011100011
In base 3, what is -12 - -220201?
220112
In base 7, what is 5 - -1366034?
1366042
In base 4, what is -3223221 - 32?
-3223313
In base 12, what is a - 1a34?
-1a26
In base 9, what is 0 + -10138?
-10138
In base 16, what is -401 + -1d7?
-5d8
In base 8, what is -2740 + -232?
-3172
In base 2, what is -1001011101001100000 + -11?
-1001011101001100011
In base 5, what is -4 - 1011040?
-1011044
In base 13, what is 1 + 7084?
7085
In base 3, what is 102 - 21001111?
-21001002
In base 3, what is -12 + 2111122121?
2111122102
In base 2, what is -110110 - 1101101111001?
-1101110101111
In base 12, what is 5 + 6711?
6716
In base 10, what is -32296 - -6?
-32290
In base 6, what is -1 - -2330351?
2330350
In base 10, what is 204266 + 7?
204273
In base 4, what is 1301201 - 20?
1301121
In base 7, what is -50 + 26213?
26133
In base 15, what is 139 + 570e?
5848
In base 12, what is 2 - 127b?
-1279
In base 9, what is 1225127 - -3?
1225131
In base 10, what is -49 + -358?
-407
In base 13, what is -675 + ac?
-596
In base 14, what is 295 - 881?
-5ca
In base 3, what is 1001001 - 2?
1000222
In base 6, what is -25 - 23130?
-23155
In base 9, what is -14580 - -3?
-14576
In base 9, what is -30547 + -1?
-30548
In base 2, what is -10011 + -1101011110100?
-1101100000111
In base 7, what is -2466251 - -4?
-2466244
In base 7, what is 3126640 + -4?
3126633
In base 14, what is 4746 + -22?
4724
In base 6, what is -2250 - -501?
-1345
In base 15, what is -2 - -b1d?
b1b
In base 12, what is a1 - 579?
-498
In base 16, what is 653 - -4?
657
In base 4, what is -131023 - -1213?
-123210
In base 2, what is 1 + 100100011110?
100100011111
In base 15, what is 0 - 13025?
-13025
In base 4, what is -202110 + -1122?
-203232
In base 8, what is -30531 + -4?
-30535
In base 15, what is -1d910 - 5?
-1d915
In base 7, what is 1211 - 331?
550
In base 14, what is -2 - 1175?
-1177
In base 11, what is 280 - 4?
277
In base 9, what is -2583 + 3?
-2580
In base 12, what is -5 + 3305a?
33055
In base 15, what is 7a - 222?
-197
In base 4, what is 201 + -13131313?
-13131112
In base 14, what is -395 - -1a52?
169b
In base 15, what is -29 - b26?
-b50
In base 9, what is -573 + 82?
-481
In base 3, what is -20022121 + -11?
-20022202
In base 15, what is -3 - 1dc20?
-1dc23
In base 2, what is -10101000011000111 - -101000?
-10101000010011111
In base 8, what is -37725734 + -1?
-37725735
In base 7, what is -4 + -1453264?
-1453301
In base 11, what is 17 + 2787?
27a3